{"id":41,"date":"2022-10-29T10:03:00","date_gmt":"2022-10-29T10:03:00","guid":{"rendered":"http:\/\/localhost\/?page_id=41"},"modified":"2022-11-15T22:15:18","modified_gmt":"2022-11-15T22:15:18","slug":"nuestro-rito","status":"publish","type":"page","link":"https:\/\/www.obrerosdehiram24cadiz.org\/?page_id=41","title":{"rendered":"Nuestro Rito"},"content":{"rendered":"<p>Visitas: 2078<\/p><p style=\"text-align: justify;\"><img loading=\"lazy\" decoding=\"async\" class=\"size-full wp-image-127 alignleft\" src=\"https:\/\/www.obrerosdehiram24cadiz.org\/wp-content\/uploads\/2022\/10\/obrerosdehiram24cadiz-REAA.jpg\" alt=\"\" width=\"250\" height=\"426\" \/>La <strong>R.\u00b7. L.\u00b7. Obreros de Hiram n\u00ba 24<\/strong> de <strong>C\u00e1diz<\/strong> trabaja en los <strong>tres grados simb\u00f3licos<\/strong> (azules) del <strong>Rito Escoc\u00e9s Antiguo y Aceptado<\/strong>.<\/p>\n<p style=\"text-align: justify;\">Reflexionar\u00a0sobre el sentido y la misi\u00f3n del <strong>R.\u00b7. E.\u00b7. A.\u00b7. A.\u00b7.<\/strong> es tanto como analizar su ontolog\u00eda y la aplicabilidad y proyecci\u00f3n de su esencia en la sociedad contempor\u00e1nea.<\/p>\n<p style=\"text-align: justify;\">Es dif\u00edcil encontrar un rito en el que se armonicen tan equilibradamente el <strong>Espiritualismo<\/strong>, el <strong>Humanismo<\/strong> y la <strong>Libertad<\/strong>, que son las tres columnas que sostienen el Escocismo, porque <strong>el R.\u00b7. E.\u00b7. A.\u00b7. A.\u00b7. es un rito tradicional inici\u00e1tico<\/strong> basado en esos tres elementos y asentado sobre la profunda fraternidad mas\u00f3nica.<\/p>\n<p style=\"text-align: justify;\">El rito permite \u2013y \u00e9ste ser\u00eda su primer sentido\u2013 que una alianza de hombres libres trabaje para el progreso espiritual, moral e intelectual de la Humanidad. En consecuencia, la vocaci\u00f3n espiritual del <strong>R.\u00b7. E.\u00b7. A.\u00b7. A.\u00b7.<\/strong> lleva a un humanismo filantr\u00f3pico.<\/p>\n<p style=\"text-align: justify;\"><strong>Espiritualismo<\/strong>, <strong>Humanismo<\/strong>, <strong>Fraternidad<\/strong> o <strong>Filantrop\u00eda<\/strong> no son para los masones escocistas conceptos vac\u00edos de contenido. Nuestra espiritualidad no nos viene dada como si fuese una gracia, el Humanismo no consta en nosotros como una virtud innata, la Fraternidad no es espont\u00e1nea. A esas virtudes mas\u00f3nicas se llega a trav\u00e9s del esfuerzo individual y colectivo, utilizando una tradici\u00f3n inici\u00e1tica y progresiva (<strong>el rito es un m\u00e9todo<\/strong>) que posibilita una espiritualidad abierta a la Libertad, al Humanismo, a la Igualdad y a una aut\u00e9ntica Fraternidad universal entre los hombres.\u00a0El <strong>Rito Escoc\u00e9s Antiguo y Aceptado<\/strong> implica en su ideal una perfecta s\u00edntesis entre el humanismo espiritualista de la filosof\u00eda tradicional y el humanismo antropol\u00f3gico moderno.<\/p>\n<p style=\"text-align: justify;\">El sentido y misi\u00f3n del <strong>R.\u00b7. E.\u00b7. A.\u00b7. A.\u00b7.<\/strong>\u00a0es, en primer lugar, hacer cada d\u00eda mejores masones, es decir, aumentar su cualificaci\u00f3n intelectual, moral y sobre todo mas\u00f3nica a trav\u00e9s de un trabajo riguroso, progresivo, profundo y esencialmente inici\u00e1tico; y, en segundo lugar, que esos hombres m\u00e1s formados y m\u00e1s masones, es decir m\u00e1s hombres, infundan con la fuerza de sus ideas y el ejemplo de su conducta los principios del rito y de la Masoner\u00eda en la sociedad en general.<\/p>\n<p style=\"text-align: justify;\">La filosof\u00eda escocista \u2013que, como hemos se\u00f1alado, es perfecta s\u00edntesis entre Espiritualismo y Humanismo\u2013 tiene que hacer notar su mensaje universalista de libertad y tolerancia frente a todo fanatismo, frente al integrismo religioso y frente al racismo xen\u00f3fobo, porque los principios del <strong>R.\u00b7. E.\u00b7. A.\u00b7. A.\u00b7.<\/strong> no deben quedar reducidos a la pura abstracci\u00f3n te\u00f3rica.\u00a0Esta filosof\u00eda afecta al \u00e1mbito interno del mas\u00f3n (introspecci\u00f3n de valores), al \u00e1mbito filos\u00f3fico te\u00f3rico (exposici\u00f3n de valores) y al \u00e1mbito social (aplicaci\u00f3n de \u00a0valores).<\/p>\n<p style=\"text-align: justify;\">La misi\u00f3n del <strong>Rito Escoc\u00e9s Antiguo y Aceptado<\/strong> se materializa en las siguientes formulaciones y consecuencias de car\u00e1cter pr\u00e1ctico:<\/p>\n<ul style=\"text-align: justify;\">\n<li>Formulaciones que tienen consecuencias en el \u00e1mbito interno o psicol\u00f3gico. Nuestro rito destaca la importancia de la conciencia, la introspecci\u00f3n y el silencio para una perfecta b\u00fasqueda individual y comprensi\u00f3n interior, postulando el triunfo de la raz\u00f3n sobre la ignorancia (<em>lux e tenebris<\/em>), adem\u00e1s de\u00a0proclamar la importancia del cultivo de las virtudes y de la libertad de conciencia y de pensamiento.<\/li>\n<\/ul>\n<ul style=\"text-align: justify;\">\n<li>Consecuencias en el \u00e1mbito externo o social, que se producen porque nuestro rito acerca al mas\u00f3n escocista a las causas de las desdichas sociales y a los modos de remediarlas, y destaca la necesidad de ser un hombre de honor en la vida familiar y profana. Tambi\u00e9n defiende la igualdad de oportunidades frente a discriminaciones, arbitrariedades o privilegios.<\/li>\n<\/ul>\n<ul style=\"text-align: justify;\">\n<li>Formulaciones que tienen consecuencias en el \u00e1mbito jur\u00eddico. Se materializan por defender el rito la Justicia, el principio de Soberan\u00eda Popular, el derecho de reuni\u00f3n como factor de progreso o la elecci\u00f3n democr\u00e1tica de representantes. Del <strong>R.\u00b7. E.\u00b7. A.\u00b7. A.\u00b7.<\/strong> se desprende la consideraci\u00f3n de la Libertad como fundamento del derecho y principio inspirador del mismo a trav\u00e9s de la positivizaci\u00f3n de los Derechos Fundamentales del Hombre.<\/li>\n<\/ul>\n<ul style=\"text-align: justify;\">\n<li>No podemos olvidar entre los preceptos del <strong>R.\u00b7. E.\u00b7. A.\u00b7. A.\u00b7.<\/strong> aqu\u00e9llos que tienen consecuencias en el \u00e1mbito pedag\u00f3gico. As\u00ed, nuestro rito destaca la importancia de la educaci\u00f3n de las masas y de la libertad de ense\u00f1anza.<\/li>\n<\/ul>\n<ul style=\"text-align: justify;\">\n<li>En la esfera intelectual, se rinde culto a la inteligencia y a la ciencia, utilizando la raz\u00f3n como v\u00eda de acceso a la verdad e introduciendo al hombre en una visi\u00f3n relativista frente a todo fanatismo dogm\u00e1tico.<\/li>\n<\/ul>\n<ul style=\"text-align: justify;\">\n<li>En cuanto a las creencias, nuestro rito \u2013que es respetuoso con todos los credos\u2013 defiende la libertad religiosa y de culto y la independencia del poder pol\u00edtico respecto al religioso.<\/li>\n<\/ul>\n<p style=\"text-align: justify;\">El sentido y la misi\u00f3n de nuestro rito es la comprensi\u00f3n e interiorizaci\u00f3n, a trav\u00e9s de una metodolog\u00eda inici\u00e1tica y ritual\u00edstica, de los fundamentos del <strong>Escocismo<\/strong> y la consecuci\u00f3n pr\u00e1ctica de \u00a0los principios citados anteriormente, as\u00ed como la defensa de su ejercicio diario.<\/p>\n<p style=\"text-align: justify;\">Como podemos ver, hay un bagaje concreto en el <strong>Rito Escoc\u00e9s Antiguo y Aceptado<\/strong>, porque \u00e9ste es un m\u00e9todo, un medio, un veh\u00edculo para el aprendizaje perfectivo del mas\u00f3n y para la transmisi\u00f3n de contenidos intelectuales. El <strong>R.\u00b7. E.\u00b7. A.\u00b7. A.\u00b7.\u00a0<\/strong>no s\u00f3lo es forma, sino tambi\u00e9n fondo; ambos deben ser justamente equilibrados. Creer que la forma es todo \u2013es decir, vaciar de contenido el rito, reduci\u00e9ndolo a una ceremonia formal\u2013 supondr\u00eda una alteraci\u00f3n ontol\u00f3gica del mismo. La forma no debe nunca sustituir, y menos excluir, al fondo, al pensamiento, al contenido profundo y esencial del rito.<\/p>\n","protected":false},"excerpt":{"rendered":"<p>Visitas: 2078La R.\u00b7. L.\u00b7. Obreros de Hiram n\u00ba 24 de C\u00e1diz trabaja en los tres grados simb\u00f3licos (azules) del Rito Escoc\u00e9s Antiguo y Aceptado. Reflexionar\u00a0sobre el sentido y la misi\u00f3n&hellip; <\/p>\n","protected":false},"author":1,"featured_media":0,"parent":0,"menu_order":0,"comment_status":"closed","ping_status":"closed","template":"","meta":{"om_disable_all_campaigns":false,"_monsterinsights_skip_tracking":false,"_monsterinsights_sitenote_active":false,"_monsterinsights_sitenote_note":"","_monsterinsights_sitenote_category":0,"_uf_show_specific_survey":0,"_uf_disable_surveys":false,"footnotes":""},"class_list":["post-41","page","type-page","status-publish","hentry"],"aioseo_notices":[],"_links":{"self":[{"href":"https:\/\/www.obrerosdehiram24cadiz.org\/index.php?rest_route=\/wp\/v2\/pages\/41","targetHints":{"allow":["GET"]}}],"collection":[{"href":"https:\/\/www.obrerosdehiram24cadiz.org\/index.php?rest_route=\/wp\/v2\/pages"}],"about":[{"href":"https:\/\/www.obrerosdehiram24cadiz.org\/index.php?rest_route=\/wp\/v2\/types\/page"}],"author":[{"embeddable":true,"href":"https:\/\/www.obrerosdehiram24cadiz.org\/index.php?rest_route=\/wp\/v2\/users\/1"}],"replies":[{"embeddable":true,"href":"https:\/\/www.obrerosdehiram24cadiz.org\/index.php?rest_route=%2Fwp%2Fv2%2Fcomments&post=41"}],"version-history":[{"count":0,"href":"https:\/\/www.obrerosdehiram24cadiz.org\/index.php?rest_route=\/wp\/v2\/pages\/41\/revisions"}],"wp:attachment":[{"href":"https:\/\/www.obrerosdehiram24cadiz.org\/index.php?rest_route=%2Fwp%2Fv2%2Fmedia&parent=41"}],"curies":[{"name":"wp","href":"https:\/\/api.w.org\/{rel}","templated":true}]}}